digit of 15415963?
5
What is the tens digit of 492905965?
6
What is the hundred millions digit of 390306060?
3
What is the tens digit of 1230910238?
3
What is the billions digit of 4008793378?
4
What is the ten millions digit of 728747269?
2
What is the thousands digit of 979724925?
4
What is the millions digit of 44005166?
4
What is the millions digit of 107521605?
7
What is the thousands digit of 607304733?
4
What is the hundreds digit of 1113860733?
7
What is the hundred thousands digit of 221488061?
4
What is the hundred millions digit of 2145028531?
1
What is the hundred thousands digit of 46588182?
5
What is the hundred thousands digit of 6203227?
2
What is the millions digit of 5425612688?
5
What is the units digit of 261162750?
0
What is the hundred thousands digit of 21785579?
7
What is the hundred thousands digit of 58947173?
9
What is the hundred thousands digit of 64504307?
5
What is the ten millions digit of 108342624?
0
What is the hundreds digit of 875852987?
9
What is the ten thousands digit of 42414482?
1
What is the hundreds digit of 552662777?
7
What is the ten thousands digit of 1690329842?
2
What is the tens digit of 1865777291?
9
What is the hundreds digit of 80547312?
3
What is the hundreds digit of 907966693?
6
What is the ten thousands digit of 307394197?
9
What is the ten millions digit of 1027923569?
2
What is the units digit of 23796162?
2
What is the units digit of 154274929?
9
What is the hundreds digit of 714715772?
7
What is the millions digit of 1949426973?
9
What is the hundred thousands digit of 817462165?
4
What is the hundreds digit of 349526357?
3
What is the units digit of 10633862?
2
What is the ten thousands digit of 103770683?
7
What is the hundred thousands digit of 52946226?
9
What is the tens digit of 2511507062?
6
What is the tens digit of 87062638?
3
What is the units digit of 68271388?
8
What is the tens digit of 956096391?
9
What is the thousands digit of 921056790?
6
What is the thousands digit of 85407408?
7
What is the millions digit of 21145730?
1
What is the thousands digit of 437191703?
1
What is the thousands digit of 191880483?
0
What is the millions digit of 68731984?
8
What is the ten millions digit of 219639490?
1
What is the units digit of 50597293?
3
What is the millions digit of 44474103?
4
What is the hundred millions digit of 112280256?
1
What is the units digit of 145490049?
9
What is the hundred thousands digit of 33709106?
7
What is the millions digit of 14499476?
4
What is the tens digit of 94819659?
5
What is the tens digit of 22900912?
1
What is the millions digit of 1110210823?
0
What is the ten thousands digit of 5220681900?
8
What is the tens digit of 56348036?
3
What is the millions digit of 589950693?
9
What is the millions digit of 492009804?
2
What is the ten millions digit of 1443184497?
4
What is the hundred millions digit of 309223266?
3
What is the hundred thousands digit of 3098782968?
7
What is the ten thousands digit of 42626671?
2
What is the hundred thousands digit of 739926590?
9
What is the hundred millions digit of 6761364422?
7
What is the millions digit of 340288918?
0
What is the ten millions digit of 1789275421?
8
What is the ten millions digit of 8282147123?
8
What is the tens digit of 384517638?
3
What is the millions digit of 34088082?
4
What is the hundred thousands digit of 21992687?
9
What is the ten millions digit of 110728050?
1
What is the ten millions digit of 175839521?
7
What is the millions digit of 2346610890?
6
What is the thousands digit of 21092035?
2
What is the millions digit of 98921506?
8
What is the billions digit of 9028370519?
9
What is the units digit of 92578322?
2
What is the ten millions digit of 345167284?
4
What is the thousands digit of 273214470?
4
What is the tens digit of 61963641?
4
What is the millions digit of 1981279268?
1
What is the billions digit of 3916193454?
3
What is the ten millions digit of 31068178?
3
What is the tens digit of 119183098?
9
What is the millions digit of 165379578?
5
What is the billions digit of 1064793017?
1
What is the hundreds digit of 501644974?
9
What is the hundred thousands digit of 34934711?
9
What is the tens digit of 69488536?
3
What is the tens digit of 519613009?
0
What is the hundreds digit of 44481988?
9
What is the hundreds digit of 12302439?
4
What is the hundred thousands digit of 4908362310?
3
What is the ten thousands digit of 2217308945?
0
What is the ten millions digit of 2211880921?
1
What is the hundred millions digit of 1706334278?
7
What is the units digit of 637925783?
3
What is the hundred millions digit of 2225818638?
2
What is the millions digit of 178982670?
8
What is the thousands digit of 141769476?
9
What is the millions digit of 580345633?
0
What is the thousands digit of 734815780?
5
What is the millions digit of 61774056?
1
What is the hundred millions digit of 258780370?
2
What is the ten thousands digit of 10014043?
1
What is the millions digit of 618105128?
8
What is the hundred thousands digit of 1602636?
6
What is the billions digit of 2632188836?
2
What is the hundred thousands digit of 37086888?
0
What is the hundreds digit of 14791366?
3
What is the hundred millions digit of 192886709?
1
What is the billions digit of 4935265650?
4
What is the hundred thousands digit of 1851808987?
8
What is the ten millions digit of 46316292?
4
What is the units digit of 14374037?
7
What is the thousands digit of 70597411?
7
What is the ten millions digit of 98217319?
9
What is the units digit of 1390920012?
2
What is the units digit of 49664745?
5
What is the ten millions digit of 438413221?
3
What is the tens digit of 94618144?
4
What is the hundreds digit of 257203477?
4
What is the units digit of 105803933?
3
What is the thousands digit of 1310444390?
4
What is the hundred thousands digit of 653376590?
3
What is the hundred thousands digit of 8341273466?
2
What is the ten millions digit of 29847946?
2
What is the units digit of 22354811?
1
What is the millions digit of 20929945?
0
What is the units digit of 128358861?
1
What is the ten thousands digit of 12263988?
6
What is the hundred thousands digit of 1216308905?
3
What is the hundreds digit of 91433795?
7
What is the millions digit of 2804183226?
4
What is the ten thousands digit of 20813956?
1
What is the units digit of 413539707?
7
What is the ten millions digit of 40881619?
4
What is the ten thousands digit of 142740077?
4
What is the billions digit of 1491186555?
1
What is the millions digit of 1079711356?
9
What is the hundred thousands digit of 1688997261?
9
What is the thousands digit of 725010312?
0
What is the thousands digit of 2654308?
4
What is the hundred thousands digit of 88247848?
2
What is the ten millions digit of 1001817912?
0
What is the ten thousands digit of 47006998?
0
What is the ten millions digit of 197394872?
9
What is the millions digit of 2106704991?
6
What is the tens digit of 365358898?
9
What is the ten millions digit of 24244698?
2
What is the millions digit of 39778914?
9
What is the millions digit of 2186490384?
6
What is the tens digit of 3849617066?
6
What is the ten millions digit of 138884778?
3
What is the ten millions digit of 144286907?
4
What is the ten thousands digit of 39571864?
7
What is the ten millions digit of 25016368?
2
What is the units digit of 742142537?
7
What is the units digit of 3791057928?
8
What is the hundred thousands digit of 18762034?
7
What is the hundred thousands digit of 3233158?
2
What is the tens digit of 4164498?
9
What is the ten millions digit of 103911207?
0
What is the ten thousands digit of 139324729?
2
What is the hundred millions digit of 747878247?
7
What is the millions digit of 9178709?
9
What is the ten millions digit of 42648489?
4
What is the hundred thousands digit of 10212187?
2
What is the millions digit of 155587777?
5
What is the millions digit of 43880074?
3
What is the units digit of 8978117?
7
What is the ten millions digit of 9058423663?
5
What is the hundreds digit of 213167479?
4
What is the millions digit of 931626271?
1
What is the hundred millions digit of 517626075?
5
What is the tens digit of 149476911?
1
What is the ten millions digit of 20953324?
2
What is the ten thousands digit of 19654677?
5
Wha